{"id":2,"date":"2016-01-01T16:34:02","date_gmt":"2016-01-01T15:34:02","guid":{"rendered":"http:\/\/www.tzglogow.ddr.pl\/wehikul\/?page_id=2"},"modified":"2016-07-13T12:30:09","modified_gmt":"2016-07-13T10:30:09","slug":"przykladowa-strona","status":"publish","type":"page","link":"https:\/\/tzglogow.pl\/wehikul\/przykladowa-strona\/","title":{"rendered":"Z\u0142oty Bilet \u201eWehiku\u0142u Czasu\u201d"},"content":{"rendered":"<h1><\/h1>\n<p><strong>Z\u0142oty Bilet \u201eWehiku\u0142u Czasu\u201d \u00a0<\/strong>przyznawany jest od 9 marca 2013r. \u00a0przez\u00a0 moderatora Wehiku\u0142u przyjacio\u0142om, wsp\u00f3\u0142pracownikom i wszystkim \u017cyczliwym, kt\u00f3rzy z zaanga\u017cowaniem uczestnicz\u0105 we r\u00f3\u017cnych formach dzia\u0142alno\u015bci Wehiku\u0142u, w niekonwencjonalny spos\u00f3b propaguj\u0105 przesz\u0142o\u015b\u0107 G\u0142ogowa, pozbawiony biurokratycznych cech i zale\u017cno\u015bci.<\/p>\n<p><strong>\u00a0G\u0142ogowska Nagroda Historyczna &#8211; Z\u0142oty Bilet Czytelnik\u00f3w \u201eWehiku\u0142u Czasu\u201d <\/strong>przyznawana jest w drodze plebiscytu czytelnik\u00f3w Wehiku\u0142u czasu wybieraj\u0105cych spo\u015br\u00f3d kandydatur zg\u0142oszonych przez Kapitu\u0142\u0119.<\/p>\n<ol>\n<li><strong>Regulamin G\u0142ogowskiej Nagrody Historycznej<\/strong><\/li>\n<li><strong>Laureaci<\/strong><\/li>\n<\/ol>\n<p><img loading=\"lazy\" decoding=\"async\" class=\"size-medium wp-image-278 aligncenter\" src=\"http:\/\/www.tzglogow.ddr.pl\/wehikul\/wp-content\/uploads\/2016\/01\/1-ZB-na-stron\u0119-212x300.jpg\" alt=\"1 - ZB na stron\u0119\" width=\"212\" height=\"300\" srcset=\"https:\/\/tzglogow.pl\/wehikul\/wp-content\/uploads\/2016\/01\/1-ZB-na-stron\u0119-212x300.jpg 212w, https:\/\/tzglogow.pl\/wehikul\/wp-content\/uploads\/2016\/01\/1-ZB-na-stron\u0119.jpg 603w\" sizes=\"(max-width: 212px) 100vw, 212px\" \/><\/p>\n","protected":false},"excerpt":{"rendered":"<p>Z\u0142oty Bilet \u201eWehiku\u0142u Czasu\u201d \u00a0przyznawany jest od 9 marca 2013r. \u00a0przez\u00a0 moderatora Wehiku\u0142u przyjacio\u0142om, wsp\u00f3\u0142pracownikom i wszystkim \u017cyczliwym, kt\u00f3rzy z zaanga\u017cowaniem uczestnicz\u0105 we r\u00f3\u017cnych formach dzia\u0142alno\u015bci Wehiku\u0142u, w niekonwencjonalny spos\u00f3b propaguj\u0105 przesz\u0142o\u015b\u0107 G\u0142ogowa, pozbawiony biurokratycznych cech i zale\u017cno\u015bci. \u00a0G\u0142ogowska Nagroda &hellip; <a href=\"https:\/\/tzglogow.pl\/wehikul\/przykladowa-strona\/\">Czytaj dalej <span class=\"meta-nav\">&rarr;<\/span><\/a><\/p>\n","protected":false},"author":1,"featured_media":0,"parent":0,"menu_order":0,"comment_status":"closed","ping_status":"open","template":"","meta":{"footnotes":""},"_links":{"self":[{"href":"https:\/\/tzglogow.pl\/wehikul\/wp-json\/wp\/v2\/pages\/2"}],"collection":[{"href":"https:\/\/tzglogow.pl\/wehikul\/wp-json\/wp\/v2\/pages"}],"about":[{"href":"https:\/\/tzglogow.pl\/wehikul\/wp-json\/wp\/v2\/types\/page"}],"author":[{"embeddable":true,"href":"https:\/\/tzglogow.pl\/wehikul\/wp-json\/wp\/v2\/users\/1"}],"replies":[{"embeddable":true,"href":"https:\/\/tzglogow.pl\/wehikul\/wp-json\/wp\/v2\/comments?post=2"}],"version-history":[{"count":6,"href":"https:\/\/tzglogow.pl\/wehikul\/wp-json\/wp\/v2\/pages\/2\/revisions"}],"predecessor-version":[{"id":318,"href":"https:\/\/tzglogow.pl\/wehikul\/wp-json\/wp\/v2\/pages\/2\/revisions\/318"}],"wp:attachment":[{"href":"https:\/\/tzglogow.pl\/wehikul\/wp-json\/wp\/v2\/media?parent=2"}],"curies":[{"name":"wp","href":"https:\/\/api.w.org\/{rel}","templated":true}]}}