{"id":233,"date":"2016-06-23T22:49:05","date_gmt":"2016-06-23T20:49:05","guid":{"rendered":"http:\/\/www.tzglogow.ddr.pl\/wehikul\/?page_id=233"},"modified":"2016-07-13T11:56:49","modified_gmt":"2016-07-13T09:56:49","slug":"2015-2","status":"publish","type":"page","link":"https:\/\/tzglogow.pl\/wehikul\/przykladowa-strona\/laureaci\/2015-2\/","title":{"rendered":"2015"},"content":{"rendered":"<p style=\"text-align: center;\"><strong>Z\u0142ote Bilety \u201eWehiku\u0142u czasu\u201d<\/strong><\/p>\n<p><strong>Marcin B\u0142aszkowski<\/strong>, G\u0142ogowianinowi z Leszna, erudycie, polihistorowi i poliglocie, mi\u0142o\u015bnikowi Wielkiego \u015awiata i Ma\u0142ych Ojczyzn, za \u017cyczliwo\u015b\u0107 dla poczyna\u0144 Wehiku\u0142u, leszczy\u0144skie w nim glogoviana itd.\u00a0 nr 15\u00a0 (wr\u0119czony 6.02.2015)<strong>Prof. dr hab. Jerzy Maro\u0144<\/strong>, za znajdowanie &#8211; w trakcie profesjonalnych bada\u0144 nad histori\u0105 my\u015bli wojskowej i wype\u0142nianiem obowi\u0105zk\u00f3w Profesora Uniwersytetu Wroc\u0142awskiego &#8211; czasu na pomoc i za \u017cyczliwo\u015b\u0107 dla g\u0142ogowskich historyk\u00f3w i regionalist\u00f3w, za dobre s\u0142owo, zach\u0119t\u0119 i poczucie humoru.\u00a0 nr 16<\/p>\n<p><strong>Dariusz Czaja, <\/strong>za niekonwencjonaln\u0105 inicjatyw\u0119 utrwalenia g\u0142ogowskich wydarze\u0144 1109 roku, za emocjonalne i selektywne opisywanie przesz\u0142o\u015bci miasta oraz codzienn\u0105, sta\u0142\u0105 i mr\u00f3wcz\u0105 pomoc internetow\u0105 Wehiku\u0142owi.,\u00a0 nr 17<\/p>\n<p><strong>Stefan G\u00f3rawski,<\/strong> za ho\u0142ubienie wszystkich mi\u0142o\u015bnik\u00f3w przesz\u0142o\u015bci, za trzymaj\u0105ce si\u0119 twardo ziemi kierowanie wszelkimi poczynaniami w Akcji Zima i Lato w Twierdzy G\u0142og\u00f3w, spok\u00f3j i opanowanie, wiele innych przymiot\u00f3w z lekkim pi\u00f3rem na czele. Za \u017cyczliwo\u015b\u0107 dla Wehiku\u0142u i miejsce dla niego w G\u0142ogowskim Portalu Informacyjnym, nr 18.<\/p>\n<p><strong>Zdzis\u0142aw Rogala,<\/strong> za inicjatywy na rzecz upami\u0119tniania wiedzy o czasach minionych w ka\u017cdym \u015brodowisku, w kt\u00f3rym si\u0119 znalaz\u0142, inspirowanie ksi\u0105\u017cek i ksi\u0105\u017ceczek o lokalnej i rodzinnej przesz\u0142o\u015bci, za niespotykany zapa\u0142 i motywacj\u0119 do realizacji za\u0142o\u017conych cel\u00f3w i umiej\u0119tno\u015b\u0107 organizowania dla ich realizacji zespo\u0142\u00f3w zadaniowych. nr 19.<\/p>\n<p><strong>Izabela Owczarek, <\/strong>za to \u017ce z miejsca gdzie przychodzi si\u0119 wypo\u017cyczy\u0107 ksi\u0105\u017ck\u0119 uczyni\u0142a r\u00f3wnie\u017c azyl dla ciekawych przedsi\u0119wzi\u0119\u0107 &#8211; warsztat\u00f3w, recitali, spotka\u0144 z artystami i podr\u00f3\u017cnikami, uk\u0142oni\u0142a si\u0119 te\u017c g\u0142ogowskiej przesz\u0142o\u015bci i tchn\u0119\u0142a nowego ducha w Wehiku\u0142 czasu. nr 20.<\/p>\n<p>&nbsp;<\/p>\n<p style=\"text-align: center;\"><strong>III G\u0142ogowska Nagroda Historyczna<\/strong><\/p>\n<p style=\"text-align: center;\"><strong>\u201eZ\u0142oty Bilet Czytelnik\u00f3w Wehiku\u0142u Czasu 2014\u201d<\/strong><\/p>\n<p style=\"text-align: center;\"><strong>\u00a0<\/strong><\/p>\n<p><strong>Nominowani przez Kapitu\u0142\u0119:<\/strong><\/p>\n<ol>\n<li>\u00a0\u201e<strong>Dziedzictwo przesz\u0142o\u015bci utrwalone w zabytkach\u201d<\/strong> [http:\/\/www.glogow.pl\/okolice\/]\u00a0 <strong>&#8211; \u00a0<\/strong>portal internetowy Tomasza Mietlickiego<\/li>\n<li><strong>Wystawa \u201eWydrukowano w G\u0142ogowie\u201d \/ Renata Matysiak<\/strong> &#8211; Muzeum Archeologiczno-Historyczne.<\/li>\n<li><strong>Fritz Reuter &#8222;Twierdza G\u0142og\u00f3w, Listy ze \u015al\u0105ska&#8221;, G\u0142og\u00f3w 2014; <\/strong>Marcin B\u0142aszkowski i TZG<\/li>\n<li>&#8222;<strong>Kierunek G\u0141OG\u00d3W&#8221;<\/strong> &#8211; cykl film\u00f3w zrealizowanych w 2014 r. przez TV MASTER i Towarzystwo Ziemi G\u0142ogowskiej. <strong>\u00a0<\/strong><\/li>\n<li><strong>&#8222;Marzyli tylko o wolnej Polsce&#8221; &#8211; re\u017c. Pawe\u0142 Chruszcz. &#8211; \u00a0<\/strong> Film nt. g\u0142ogowskiego podziemia antykomunistycznego lat 1945 \u2013 1949<\/li>\n<\/ol>\n<p style=\"text-align: center;\"><img loading=\"lazy\" decoding=\"async\" class=\"size-medium wp-image-300 aligncenter\" src=\"http:\/\/www.tzglogow.ddr.pl\/wehikul\/wp-content\/uploads\/2016\/06\/4-ZB-GNH-2015-208x300.jpg\" alt=\"4 - ZB GNH 2015\" width=\"208\" height=\"300\" srcset=\"https:\/\/tzglogow.pl\/wehikul\/wp-content\/uploads\/2016\/06\/4-ZB-GNH-2015-208x300.jpg 208w, https:\/\/tzglogow.pl\/wehikul\/wp-content\/uploads\/2016\/06\/4-ZB-GNH-2015.jpg 668w\" sizes=\"(max-width: 208px) 100vw, 208px\" \/><strong>Nagroda dla:\u00a0<\/strong>Tomasza Mietlickiego<\/p>\n<p style=\"text-align: center;\">autora portalu internetowego \u201eDziedzictwo przesz\u0142o\u015bci utrwalone w zabytkach\u201d.<\/p>\n<p style=\"text-align: center;\">Wr\u0119czona: 28.05.2015 w Miejskiej Bibliotece Publicznej<\/p>\n<h1 style=\"text-align: center;\"><\/h1>\n","protected":false},"excerpt":{"rendered":"<p>Z\u0142ote Bilety \u201eWehiku\u0142u czasu\u201d Marcin B\u0142aszkowski, G\u0142ogowianinowi z Leszna, erudycie, polihistorowi i poliglocie, mi\u0142o\u015bnikowi Wielkiego \u015awiata i Ma\u0142ych Ojczyzn, za \u017cyczliwo\u015b\u0107 dla poczyna\u0144 Wehiku\u0142u, leszczy\u0144skie w nim glogoviana itd.\u00a0 nr 15\u00a0 (wr\u0119czony 6.02.2015)Prof. dr hab. Jerzy Maro\u0144, za znajdowanie &#8211; &hellip; <a href=\"https:\/\/tzglogow.pl\/wehikul\/przykladowa-strona\/laureaci\/2015-2\/\">Czytaj dalej <span class=\"meta-nav\">&rarr;<\/span><\/a><\/p>\n","protected":false},"author":1,"featured_media":0,"parent":38,"menu_order":0,"comment_status":"closed","ping_status":"closed","template":"","meta":{"footnotes":""},"_links":{"self":[{"href":"https:\/\/tzglogow.pl\/wehikul\/wp-json\/wp\/v2\/pages\/233"}],"collection":[{"href":"https:\/\/tzglogow.pl\/wehikul\/wp-json\/wp\/v2\/pages"}],"about":[{"href":"https:\/\/tzglogow.pl\/wehikul\/wp-json\/wp\/v2\/types\/page"}],"author":[{"embeddable":true,"href":"https:\/\/tzglogow.pl\/wehikul\/wp-json\/wp\/v2\/users\/1"}],"replies":[{"embeddable":true,"href":"https:\/\/tzglogow.pl\/wehikul\/wp-json\/wp\/v2\/comments?post=233"}],"version-history":[{"count":4,"href":"https:\/\/tzglogow.pl\/wehikul\/wp-json\/wp\/v2\/pages\/233\/revisions"}],"predecessor-version":[{"id":301,"href":"https:\/\/tzglogow.pl\/wehikul\/wp-json\/wp\/v2\/pages\/233\/revisions\/301"}],"up":[{"embeddable":true,"href":"https:\/\/tzglogow.pl\/wehikul\/wp-json\/wp\/v2\/pages\/38"}],"wp:attachment":[{"href":"https:\/\/tzglogow.pl\/wehikul\/wp-json\/wp\/v2\/media?parent=233"}],"curies":[{"name":"wp","href":"https:\/\/api.w.org\/{rel}","templated":true}]}}